{"id":169,"date":"2026-05-15T14:01:54","date_gmt":"2026-05-15T21:01:54","guid":{"rendered":"https:\/\/jlsvyaqui.org.mx\/?page_id=169"},"modified":"2026-05-15T14:12:27","modified_gmt":"2026-05-15T21:12:27","slug":"rendicion-de-cuentas-2026","status":"publish","type":"page","link":"https:\/\/jlsvyaqui.org.mx\/?page_id=169","title":{"rendered":"Rendici\u00f3n de Cuentas 2026"},"content":{"rendered":"<p><b><span style=\"color: #003300;\">En atenci\u00f3n al circular 029 derivado del acuerdo para promover el desarrollo de la sociedad rural, fomentando la rendici\u00f3n de cuentas de manera clara, precisa y transparente del uso de recursos en la adquisici\u00f3n de bienes materiales y servicios por los Organismos Auxiliares de Sanidad Vegetal, se crea este espacio para presentar la informaci\u00f3n correspondiente.<\/span><\/b><\/p>\n<p><a href=\"http:\/\/jlsvyaqui.org.mx\/RendicionCuentas\/2026\/01%20Circular%2041%202026%20JLSV%20Yaqui.pdf\" target=\"_blank\" rel=\"noopener\">ENERO 2026<\/a><\/p>\n<p><a href=\"http:\/\/jlsvyaqui.org.mx\/RendicionCuentas\/2026\/02%20Circular%2041%202026%20JLSV%20Yaqui.pdf\" target=\"_blank\" rel=\"noopener\">FEBRERO 2026<\/a><\/p>\n<p><a href=\"http:\/\/jlsvyaqui.org.mx\/RendicionCuentas\/2026\/03%20Circular%2041%202026%20JLSV%20Yaqui.pdf\" target=\"_blank\" rel=\"noopener\">MARZO 2026<\/a><\/p>\n<p><a href=\"http:\/\/jlsvyaqui.org.mx\/RendicionCuentas\/2026\/04%20Circular%2041%202026%20JLSV%20Yaqui.pdf\" target=\"_blank\" rel=\"noopener\">ABRIL 2026<\/a><\/p>\n<p>&nbsp;<\/p>\n","protected":false},"excerpt":{"rendered":"<p>En atenci\u00f3n al circular 029 derivado del acuerdo para promover el desarrollo de la sociedad rural, fomentando la rendici\u00f3n de cuentas de manera clara, precisa y transparente del uso de recursos en la adquisici\u00f3n de bienes materiales y servicios por los Organismos Auxiliares de Sanidad Vegetal, se crea este espacio para presentar la informaci\u00f3n correspondiente. [&hellip;]<\/p>\n","protected":false},"author":1,"featured_media":0,"parent":166,"menu_order":0,"comment_status":"closed","ping_status":"closed","template":"","meta":{"footnotes":""},"class_list":["post-169","page","type-page","status-publish","hentry"],"_links":{"self":[{"href":"https:\/\/jlsvyaqui.org.mx\/index.php?rest_route=\/wp\/v2\/pages\/169","targetHints":{"allow":["GET"]}}],"collection":[{"href":"https:\/\/jlsvyaqui.org.mx\/index.php?rest_route=\/wp\/v2\/pages"}],"about":[{"href":"https:\/\/jlsvyaqui.org.mx\/index.php?rest_route=\/wp\/v2\/types\/page"}],"author":[{"embeddable":true,"href":"https:\/\/jlsvyaqui.org.mx\/index.php?rest_route=\/wp\/v2\/users\/1"}],"replies":[{"embeddable":true,"href":"https:\/\/jlsvyaqui.org.mx\/index.php?rest_route=%2Fwp%2Fv2%2Fcomments&post=169"}],"version-history":[{"count":2,"href":"https:\/\/jlsvyaqui.org.mx\/index.php?rest_route=\/wp\/v2\/pages\/169\/revisions"}],"predecessor-version":[{"id":178,"href":"https:\/\/jlsvyaqui.org.mx\/index.php?rest_route=\/wp\/v2\/pages\/169\/revisions\/178"}],"up":[{"embeddable":true,"href":"https:\/\/jlsvyaqui.org.mx\/index.php?rest_route=\/wp\/v2\/pages\/166"}],"wp:attachment":[{"href":"https:\/\/jlsvyaqui.org.mx\/index.php?rest_route=%2Fwp%2Fv2%2Fmedia&parent=169"}],"curies":[{"name":"wp","href":"https:\/\/api.w.org\/{rel}","templated":true}]}}